d - 3*j. What are the prime factors of d?
7
What are the prime factors of 2/(-8) - 654/(-24)?
3
Suppose 2*n - 2 + 5 = -3*q, -3*n = 4*q + 4. What are the prime factors of (0 - q)*583/11?
53
Suppose -3*o - 5*a = -0*o - 136, 3*a + 120 = 3*o. What are the prime factors of o?
2, 3, 7
Suppose 18*r - 948 = 6*r. What are the prime factors of r?
79
Let b = -3 + 3. Suppose 0*q - 3*q + 36 = b. What are the prime factors of q?
2, 3
Let p(r) = -r**3 - 11*r**2 - 11*r + 9. Suppose 30 = -0*c - 3*c. List the prime factors of p(c).
19
Suppose -k - 10*k = -1056. List the prime factors of k.
2, 3
Let u(v) = -8*v**2 + 26*v**2 + 7 + v - 17*v**2. Let z = 2 - 2. What are the prime factors of u(z)?
7
Suppose 4*d + 2*m - 780 = 0, -3*m = -2*d + 273 + 117. What are the prime factors of d?
3, 5, 13
List the prime factors of 410/25 + (-3)/(-5).
17
What are the prime factors of (39/9)/(3/9)?
13
Suppose 0 = -5*k + 21 + 4. Suppose -l = -5*l + 5*p + 68, -5*l + 5*p + 85 = 0. Suppose 4*h + l = k*h. What are the prime factors of h?
17
Let j = -67 + 170. Suppose -j = -3*t - 16. What are the prime factors of t?
29
Let y be (-40)/15*(-9)/4. Suppose s - 4*s = -y. List the prime factors of s.
2
Let i = -5 + 17. List the prime factors of i.
2, 3
Let h(r) = r + 10. Suppose 4*p = 17 - 1. Suppose f + 0*w + p*w = 11, 5*w - 15 = -f. List the prime factors of h(f).
5
Suppose 2*z + 5*g = -1, -2 = -g - 3. Suppose 5*w = z*w - 18. List the prime factors of (-1)/6 + (-73)/w.
2, 3
Let t(u) = -u**3 + 7*u**2 + 12*u - 10. Let h be t(8). Let f = -6 + h. What are the prime factors of f?
2
Let x be 2*((-60)/8)/(-5). Let u(c) = c**3 + c**2 - c + 1. List the prime factors of u(x).
2, 17
Let q = 52 + -36. Let w = q + 18. Suppose 2*z - w + 14 = 0. List the prime factors of z.
2, 5
Let y(w) = -w**3 + 11*w**2 + 15*w - 23. List the prime factors of y(11).
2, 71
Suppose -8 = y - 2*t, 5*t - 6 - 14 = 3*y. Suppose -5*z - 2*p + 156 = y, 7*z - 5*p - 135 = 2*z. What are the prime factors of z?
2, 3, 5
Let k = -7 - -11. What are the prime factors of k?
2
Let d(g) = g**2 + 3*g + 4. Let h be d(3). Let p = 38 - h. What are the prime factors of p?
2
Let j = -32 - -70. Let a = -20 + j. List the prime factors of a.
2, 3
Let h(a) = -a**3 + 5*a**2 - 2*a + 5. Let u = -2 - -5. Suppose 2*f + u*f = 20. What are the prime factors of h(f)?
13
Let y be 8*(2/4 - 0). Suppose y*h - 107 - 9 = 0. List the prime factors of h.
29
Suppose -p - 2*q + 1 = 2*p, -4*p - 2*q = -4. Suppose 32 = p*i + 2. Suppose -2*h + 2*r + i = 0, -6*r + 2*r = -h + 5. What are the prime factors of h?
5
Suppose 5 = i - 0. Suppose 168 = i*r - 2. List the prime factors of r.
2, 17
Suppose -60 = 2*d - 8*d. List the prime factors of (5/d)/(1/74).
37
Suppose d - 12 = -3*d. Let c be 6/d + 1 + -1. Suppose m - 9 = -c*m. What are the prime factors of m?
3
Suppose x = -0*m + 3*m - 457, 0 = m + 4*x - 135. List the prime factors of m.
151
Let o(w) = w**3 + 11*w**2 + 14. Let q be (-6)/27 + 1140/27. Suppose -2*i + 5*s - q = 0, -2*i - 2*s = 10 + 4. What are the prime factors of o(i)?
2, 7
Let c(m) = m**3 + 14*m**2 - 35. List the prime factors of c(-13).
2, 67
Let q = 179 + -72. What are the prime factors of q?
107
Let u(i) = 175*i**2 + 8*i + 6. What are the prime factors of u(-1)?
173
Let w be (-1161)/(-36) - (-1)/(-4). Let y = -11 + w. What are the prime factors of y?
3, 7
Let b(v) = -4*v + 8. Let l be b(8). Let h = 41 + l. List the prime factors of h.
17
Let w = -6 + 7. Suppose 7 = -2*a + w. Let i = a + 17. List the prime factors of i.
2, 7
Suppose -27 = -3*t - 2*x, -2*t + 1 = -5*x + 2. List the prime factors of t.
7
Let y(s) = s + 36. What are the prime factors of y(0)?
2, 3
Let g(j) = j**3 - 2*j**2 + 2*j - 2. Let w(d) = d**2 + d - 4. Let z be w(-3). Let p be g(z). List the prime factors of (1/3)/(p/54).
3
Let y be 1/(1 + 1 - 1). Suppose -3 = 2*d - y. List the prime factors of 3 + 1 + d + 1.
2
Suppose b - 2*b + 4*f + 136 = 0, 0 = -b - 3*f + 164. Suppose -2*y - b = -6*y. What are the prime factors of y?
2, 19
Suppose 0 = 4*u - 2*h - 1544, -h = 4*u - 9*u + 1927. What are the prime factors of u?
5, 7, 11
Let f = -8 + 13. Suppose -x = 5*w - 2*w - 50, 5*w - f*x = 110. What are the prime factors of w?
2, 3
Suppose -o + 48 = 4*t, -4*o = t - 3*t - 102. Let f(i) = i**2 + 6*i - 1. Let a be f(-2). Let q = o + a. What are the prime factors of q?
19
Let y = 32 - 15. What are the prime factors of y?
17
Let i be 1*3/2*2. Suppose 26 = 2*p - i*r, 6*r - r - 58 = -3*p. Suppose -2*s - 2*n + p = 0, 2*n + 0*n - 29 = -3*s. What are the prime factors of s?
13
Suppose -3*c + 77 = -k, -2*c - 5*k = 3*c - 155. Suppose q + 2*q - c = 0. What are the prime factors of q?
3
Let w(h) = -h**3 - 7*h**2 + 2. What are the prime factors of w(-7)?
2
Let p(k) = k**2 + 4*k - 10. List the prime factors of p(10).
2, 5, 13
Let w(v) = -v**2. Let d be 2/(-5) - (-2)/5. Let n be w(d). Suppose 0 = q - 8 - n. What are the prime factors of q?
2
Suppose 5*v + 6 = -3*h, -9 = -v + 4*v. Let y = 2 - h. Let s = y + 11. List the prime factors of s.
2, 5
Let k(o) = 2*o**3 - 4*o**2 - 8*o + 10. List the prime factors of k(4).
2, 3, 7
Let h = -202 + 338. List the prime factors of h.
2, 17
Let f(c) = 5*c**2. Let w be f(1). Suppose 4*p + w*r = -12, 1 - 4 = p + 5*r. Let i = p + 10. What are the prime factors of i?
7
Let z = -26 + 34. What are the prime factors of z?
2
Suppose 148 = 2*y - 4*b, 3*y + y + b - 323 = 0. List the prime factors of y.
2, 5
Suppose l = -3*l + 108. Let x = l + -5. List the prime factors of x.
2, 11
Let q(l) = -6*l + 3. Let p be q(-14). Suppose b = 5*r + 5*b - p, -4*r + 66 = 5*b. List the prime factors of r.
19
Let b be 36/21 + (-4)/(-14). Suppose 42 = 2*a + b*w, 29 - 71 = -2*a - w. List the prime factors of a.
3, 7
Let w = 56 + -24. Let b = -74 - -51. Let y = w + b. What are the prime factors of y?
3
Let q(z) = 1 + 3*z + z**2 + 8*z**2 - 3*z. What are the prime factors of q(1)?
2, 5
Let g = 11 - 12. Let c = 18 - g. List the prime factors of c.
19
What are the prime factors of 12/(-2 + -1) - (-14)/2?
3
Let p(l) = -l**2 - 3*l. Suppose -t = b, 0*b = -3*t + b - 12. Let f be p(t). Suppose -r = -f*r - 4. List the prime factors of r.
2
What are the prime factors of 3 + 61 + (4 - (1 - -1))?
2, 3, 11
Suppose -15 = s - 4*s. Suppose -2*b + 33 = q, 81 = s*b - 3*q + 6*q. Let j = -11 + b. List the prime factors of j.
7
Suppose 20*s - 21*s = -33. What are the prime factors of s?
3, 11
Suppose -9*f - 66 = -12*f. Suppose 4*o = f + 14. List the prime factors of o.
3
List the prime factors of 3/(903/(-912) + 1).
2, 19
Let j = 1 + 0. Let r = j + 0. Let t(i) = 5*i**2 + 1. List the prime factors of t(r).
2, 3
Let r = 0 + -1. Let k = -1 - r. What are the prime factors of k - -5 - (-2 + 4)?
3
Let v = -48 + 89. List the prime factors of v.
41
Let t(v) = -1 - 1 + 9 - v**3 - 6*v**2 - 3 + 8*v. Let w be t(-7). List the prime factors of (3/w - -2)*5.
5
Let p be 10/(-5)*(-15)/(-2). Let n be ((-38)/(-5))/((-3)/p). Suppose -n = -4*c + 10. List the prime factors of c.
2, 3
List the prime factors of 142/4 - 5/(-10).
2, 3
Let w = 16 - 16. Suppose w = -4*u + 2 + 74. List the prime factors of u.
19
Let a = 3 - -1. What are the prime factors of a?
2
Let o be (-114)/(-7) + (-2)/7. What are the prime factors of 52/(-16)*o/(-2)?
2, 13
Let l(t) = 2*t**2 + 6*t + 7. What are the prime factors of l(-8)?
3, 29
Let s = 12 + 35. List the prime factors of s.
47
Suppose 4*s - 57 = 55. List the prime factors of s.
2, 7
Let d = -14 + 19. Let v(i) = 0*i**3 - 2 + 3 + 5*i**2 - i**3 + 3*i. List the prime factors of v(d).
2
Let q(w) = 63*w**3 - w**2 + w. List the prime factors of q(1).
3, 7
Let m = -144 - -292. List the prime factors of m.
2, 37
Let y(g) = 5*g**3 + 11*g**2 + 5*g - 4. Let w(i) = 4*i**3 + 10*i**2 + 5*i - 3. Let q(k) = -6*w(k) + 5*y(k). What are the prime factors of q(6)?
2
Let q(t) = -t**3 + t**2 + t + 7. Let d be q(0). Suppose 0 = -y + d - 3. List the prime factors of y.
2
Let h = -28 + 20. List the prime factors of 6/(h/36*-1).
3
Let n(j) = -5*j + 6. Let x be n(4). Let k be 6/(-21) + 24/x. Let d = k - -4. List the prime factors of d.
2
Let x = -7 - -3. Let u be x/6 - 8/(-3). List the prime factors of 5 + u + 1*-2.
5
Suppose -3*y + 10 = 2*y. Suppose 2*d = -4*j + 56, y*j - 1 = 2*d + 33. List the prime factors of j.
3, 5
Suppose 3*x - 9 = -0*x. Let f be (-1